3*a + 38 = 4*a. Let g be (3 - 2 - 37)*(-6 - -7). Let x be (g - 2)/(3*6/(-9)). Calculate the highest common factor of x and a.
19
Suppose -543 - 10473 = -72*b. What is the highest common factor of 255 and b?
51
Let i(b) = 14*b**2 + 12*b + 58. Let j be i(-7). What is the greatest common divisor of 420 and j?
60
Let m(g) = -35*g + 193. Let s be m(5). What is the greatest common factor of s and 306?
18
Let l(j) be the first derivative of -j**2/2 + 5*j - 2. Let k be l(-4). Let h be (-2 - -6)*((-11)/(-2) - 1). What is the highest common divisor of k and h?
9
Suppose 2780 = 263*c - 258*c. What is the highest common factor of 4 and c?
4
Suppose 0*r - 2*r + 120 = 0. Let k be 2/(-10) - (-3372)/r. Calculate the highest common factor of k and 16.
8
Suppose -3*y + 6*p = 5*p - 44, 4*y = -4*p + 48. Calculate the greatest common factor of 434 and y.
14
Suppose -2*j + 148 = s, -2*j - 3*s = 2*j - 296. Calculate the highest common divisor of j and 148.
74
Let i = -44 + 50. Let a be (i/4)/((-7)/(-98)). What is the greatest common divisor of 6 and a?
3
Let a(x) = -3*x**2 + 5*x - 7. Let y(w) = -w**2 - 4*w + 5. Let s be y(-4). Let l be a(s). Let v = l - -80. Calculate the highest common divisor of 92 and v.
23
Suppose 5*k = 5, -10 = -3*d + 2*k + 3*k. Suppose -d*i = 3*o - 39, 0 = o - 6*o + 15. What is the highest common divisor of i and 9?
3
Let k(t) = -t**2 + 10*t + 32. Let d be (-210)/28*(-3)/(9/4). Let j be k(d). Let g = -3 - -7. What is the greatest common factor of j and g?
4
Let q be (8372/(-35))/(-4) + (-1)/(-5). Calculate the highest common divisor of 30 and q.
30
Let y(a) = 2*a**2 + 4*a + 2. Let u be y(-10). Calculate the greatest common factor of 6 and u.
6
Suppose 87 = m - 2*f - 49, 0 = -4*m + 2*f + 568. Calculate the highest common factor of 96 and m.
48
Suppose -2*z - 2*i + i = -74, -z + 4*i = -28. What is the highest common divisor of 162 and z?
18
Let h be (130/(-78))/((-5)/9). What is the greatest common divisor of h and 24?
3
Suppose -28 = -2*n - 0*n - 5*s, 5*n - 32 = -3*s. Let j(f) = f**3 + 3*f**2 - 4*f + 4. Let m be j(-4). What is the greatest common factor of m and n?
4
Let z = 221 + -204. Calculate the greatest common divisor of z and 1513.
17
Let g(q) = -q**2 + 12*q + 14. Let v be g(12). Suppose 16 = 4*i, -t + 4*i + 0*i = -v. What is the greatest common divisor of t and 6?
6
Let p be 4 + 0/((-15)/(-5)). Let r be 7578/63 + p/(-14). What is the highest common factor of r and 30?
30
Suppose -16*f = -13*f - 51. Let u = 116 - -20. What is the highest common divisor of u and f?
17
Let p = 27 + 5. Suppose 0 = -4*u - 4*z + p, -5*z = u - z + 4. Suppose -4*t - 200 = -3*w, 0*t - 80 = -w + 4*t. Calculate the greatest common divisor of w and u.
12
Suppose -18*s + 364 = -5*s. Let c(y) = -23*y + 35. Let z be c(-7). What is the greatest common factor of s and z?
28
Let r(f) = -27*f**3 - f**2 + 6*f + 8. Let h be r(-3). What is the greatest common divisor of h and 852?
142
Let o be (-90)/(-585) + 1/((-26)/(-204)). Suppose -8 = -11*a + 7*a. What is the greatest common divisor of a and o?
2
Suppose -46*t = -387 - 8583. Calculate the greatest common divisor of t and 60.
15
Suppose 4*w - 228 = -2*v, 5*v - 8*v + 52 = w. Calculate the greatest common factor of w and 87.
29
Suppose 0 = -2*v - 2*n + 138, v - 5*n - 71 = -26. Calculate the greatest common divisor of v and 13.
13
Suppose -8*i + 196 = -4*i. Let d = i + -16. Calculate the highest common divisor of d and 3.
3
Let v be 2/(2/(-4) + (-4387)/(-8446)). Calculate the greatest common factor of v and 412.
103
Suppose 2*l = 129 + 15. Suppose 2*o = 3*h - 22, 4*h - 4*o - 19 = 9. Let g(w) = 2*w + 8. Let i be g(h). Calculate the greatest common divisor of l and i.
24
Let v be -2 + 3 - (-102 + 5 + -7). Calculate the highest common divisor of v and 165.
15
Let l(f) = -f + 4. Let o be l(10). Let i be -3 - ((-4 - o) + 2). Let t be (-2)/(i/(-9) - 1). What is the highest common divisor of t and 27?
9
Suppose -7*w + 3*w + 8 = 0. Suppose -5*u = 4*d + 418 - 23, -d = -w*u - 145. Let t = -33 - u. Calculate the highest common factor of 6 and t.
6
Let w = -57 - -65. Suppose -5*o + 63 = x, -x - 2*x - 15 = -2*o. What is the greatest common factor of w and o?
4
Suppose -20 = -s - 12. Suppose 8*f = 4*f + 32. What is the highest common divisor of s and f?
8
Let t(a) = -8*a + 1. Let i be t(-1). Suppose -3*w + s = 2*s - 136, -w = -2*s - 43. Suppose 2*u = u + w. What is the highest common factor of i and u?
9
Let b be 176 + -2*-4*2/(-16). What is the greatest common divisor of 100 and b?
25
Let t(c) = 2*c**3 - 11*c**2 + 14*c - 15. Let f be t(5). Calculate the highest common divisor of 480 and f.
30
Let k = 57 + -48. Calculate the greatest common divisor of k and 144.
9
Let y(k) = k**2 - k - 1. Suppose 4 = -v + 3. Let r be y(v). Suppose -53 = -2*q - r. Calculate the highest common divisor of q and 52.
26
Let d be ((-34)/4)/(5/380*-2). Suppose 2*f + 17 = d. Let n be 1 + 1*(14 + 2). Calculate the highest common divisor of n and f.
17
Let z = -52 - -114. Suppose 0 = 4*y - 0*y - v - 100, -3*y + 4*v = -z. Let m(i) = -5*i + 3. Let n be m(-2). Calculate the highest common divisor of y and n.
13
Let a(v) = 2*v**2 - 13*v + 17. Let s be a(12). Let k = s + -5. Suppose 46 = 5*m - 34. Calculate the highest common divisor of m and k.
16
Let r be ((-2)/5)/(7/(-35)). Suppose -r*h = h. Let a = 9 - h. What is the highest common factor of 9 and a?
9
Suppose 2*d + 5*o - 144 = 0, 5*o - 462 = -5*d - 117. What is the highest common divisor of d and 134?
67
Let g be ((-7)/2)/7*-6. Suppose 0 = g*i - 0*i. Suppose -2*o + 0 + 6 = i. What is the greatest common factor of 9 and o?
3
Let v(d) = -21*d**2 + 71*d + 56. Let s(q) = 4*q**2 - 14*q - 11. Let c(u) = -11*s(u) - 2*v(u). Let o be c(6). Calculate the greatest common factor of 9 and o.
9
Let o be 61/7 + 2/7. Let h(y) = -y**2 + y + 4. Let k be h(0). Let s = k + -3. Calculate the greatest common divisor of s and o.
1
Suppose 228 = 3*y + 3*s, 2*s + 164 + 89 = 3*y. What is the greatest common factor of y and 9?
9
Let c(w) = -w**2 + 14*w - 10. Let q be c(10). Suppose 3*b = 2*b + q. Let l be (-2 - 0)*1*-10. Calculate the highest common divisor of l and b.
10
Let z = 274 - 253. Calculate the greatest common divisor of z and 42.
21
Let a(x) = -295*x**3 + 2*x + 1. Let r be a(-1). What is the highest common factor of 84 and r?
42
Let v(w) = w. Let n be v(5). Let k be 2/(-2) - (-16)/32*12. Calculate the greatest common divisor of n and k.
5
Let u(v) = 14*v**3 + 2*v**2 + 2*v + 1. Let c be u(-1). Let l = 21 + c. Suppose l = -2*m + 6*m. What is the greatest common factor of m and 4?
2
Let p be (-90)/(-72) - (2 + (-14)/8). What is the highest common factor of p and 66?
1
Let i be 16/1 - (-8)/(-2). Suppose -g + 5 = -5*r - 1, -3*r + i = 2*g. Let t be ((-90)/7)/(g/(-42)). What is the highest common factor of t and 36?
18
Suppose 7 - 57 = -5*g. Let b = g + 12. Suppose 32 = z - b. Calculate the highest common factor of z and 6.
6
Let a = 1332 - -618. What is the greatest common factor of 100 and a?
50
Let s(p) be the third derivative of -p**6/120 - 13*p**5/60 - 3*p**4/8 + 13*p**3/6 + 7*p**2. Let y be s(-13). Calculate the greatest common divisor of 10 and y.
10
Let q(t) be the first derivative of 5*t**3/3 - 2*t**2 + 4*t - 10. Let g be q(2). Calculate the greatest common factor of g and 32.
16
Suppose 0 = -35*c + 673 - 113. Let y be 12/(-3)*(0 - 28). What is the greatest common factor of y and c?
16
Let h be 72/20 + 3*(-2)/10. Suppose h*g + 2*m - 260 = 2*g, -4*m = -20. Calculate the highest common divisor of g and 10.
10
Let q be (696/18)/((-1)/(63/(-6))). What is the highest common factor of q and 70?
14
Let y = -49 - -32. Let h = y + 32. What is the greatest common divisor of h and 5?
5
Let o be (-146)/(-2) + 34/17. Calculate the highest common factor of o and 175.
25
Let l = -14 - -43. Let d = 15 - -6. Let s = l - d. Calculate the greatest common divisor of s and 20.
4
Let c be 530 + -4*(7/(-28))/(-1). What is the highest common factor of 23 and c?
23
Let s = -341 - -345. What is the greatest common factor of s and 320?
4
Suppose 19*b = 1222 + 1704. Calculate the greatest common divisor of 44 and b.
22
Let m be 12 - 4 - (3 - 0). Let t = -14 + 20. Let c = t - 1. What is the greatest common factor of m and c?
5
Suppose 2*a = -a - 15. Le